{"id":5609,"date":"2024-04-18T19:54:20","date_gmt":"2024-04-18T19:54:20","guid":{"rendered":"https:\/\/www.nifa-bayern.de\/?page_id=5609"},"modified":"2024-05-19T14:40:39","modified_gmt":"2024-05-19T14:40:39","slug":"links","status":"publish","type":"page","link":"https:\/\/www.nifa-bayern.de\/?page_id=5609","title":{"rendered":"Links"},"content":{"rendered":"\n<p>Hier geht es zu unseren <a href=\"https:\/\/www.nifa-bayern.de\/?page_id=5578\">Netzwekspartnern<\/a><\/p>\n\n\n\n<p>Links zu unseren Veranstaltungen auf <a href=\"https:\/\/www.nifa-bayern.de\/?page_id=5994\">YouTube<\/a><\/p>\n\n\n\n<p class=\"has-text-color has-link-color wp-elements-a125100bbe3f43118f073efb1bc7941a\" style=\"color:#8b2a09;font-size:26px\"><strong><span style=\"text-decoration: underline;\">Regionale Links<\/span><\/strong><\/p>\n\n\n\n<figure class=\"wp-block-table is-style-stripes\"><table><tbody><tr><td><a href=\"https:\/\/www.globaleslernen.de\/de\" target=\"_blank\" rel=\"noreferrer noopener\">Globales Lernen<\/a><\/td><td class=\"has-text-align-right\" data-align=\"right\"><a href=\"https:\/\/www.globaleslernen.de\/de\" target=\"_blank\" rel=\"noreferrer noopener\"><img decoding=\"async\" class=\"wp-image-5985\" style=\"width: 137px;\" src=\"https:\/\/www.nifa-bayern.de\/wp-content\/uploads\/2024\/05\/globales_lernen.svg\" alt=\"\"><\/a><\/td><\/tr><tr><td><a href=\"https:\/\/www.nuernberg.de\/internet\/integrationsrat\/\" target=\"_blank\" rel=\"noreferrer noopener\">Integrationsrat der Stadt N\u00fcrnberg<\/a><\/td><td class=\"has-text-align-right\" data-align=\"right\"><a href=\"https:\/\/www.nuernberg.de\/internet\/integrationsrat\/\" target=\"_blank\" rel=\"noreferrer noopener\"><img decoding=\"async\" width=\"150\" height=\"150\" class=\"wp-image-5987\" style=\"width: 150px;\" src=\"https:\/\/www.nifa-bayern.de\/wp-content\/uploads\/2024\/05\/integrationsbeirat.jpeg\" alt=\"\" srcset=\"https:\/\/www.nifa-bayern.de\/wp-content\/uploads\/2024\/05\/integrationsbeirat.jpeg 330w, https:\/\/www.nifa-bayern.de\/wp-content\/uploads\/2024\/05\/integrationsbeirat-300x300.jpeg 300w, https:\/\/www.nifa-bayern.de\/wp-content\/uploads\/2024\/05\/integrationsbeirat-150x150.jpeg 150w, https:\/\/www.nifa-bayern.de\/wp-content\/uploads\/2024\/05\/integrationsbeirat-100x100.jpeg 100w\" sizes=\"(max-width: 150px) 100vw, 150px\" \/><\/a><\/td><\/tr><tr><td><a href=\"http:\/\/www.metropolregionnuernberg.de\/\" target=\"_blank\" rel=\"noreferrer noopener\">Metropolregion-N\u00fcrnberg<\/a><\/td><td class=\"has-text-align-right\" data-align=\"right\"><a href=\"http:\/\/www.metropolregionnuernberg.de\/\" target=\"_blank\" rel=\"noreferrer noopener\"><img decoding=\"async\" class=\"wp-image-5990\" style=\"width: 150px;\" src=\"https:\/\/www.nifa-bayern.de\/wp-content\/uploads\/2024\/05\/metropolregionnuernberg.svg\" alt=\"\"><\/a><\/td><\/tr><tr><td><a href=\"https:\/\/www.fuerth.de\/Home.aspx\" target=\"_blank\" rel=\"noreferrer noopener\">Stadt F\u00fcrth<\/a><\/td><td class=\"has-text-align-right\" data-align=\"right\"><a href=\"https:\/\/www.fuerth.de\/Home.aspx\" target=\"_blank\" rel=\"noreferrer noopener\"><img decoding=\"async\" width=\"128\" height=\"128\" class=\"wp-image-6407\" style=\"width: 128px;\" src=\"https:\/\/www.nifa-bayern.de\/wp-content\/uploads\/2024\/05\/stadtFrth.png\" alt=\"\" srcset=\"https:\/\/www.nifa-bayern.de\/wp-content\/uploads\/2024\/05\/stadtFrth.png 128w, https:\/\/www.nifa-bayern.de\/wp-content\/uploads\/2024\/05\/stadtFrth-100x100.png 100w\" sizes=\"(max-width: 128px) 100vw, 128px\" \/><\/a><\/td><\/tr><tr><td><a href=\"https:\/\/www.nuernberg.de\/internet\/stadtportal\/\" target=\"_blank\" rel=\"noreferrer noopener\">Stadt N\u00fcrnberg<\/a><\/td><td class=\"has-text-align-right\" data-align=\"right\"><a href=\"https:\/\/www.nuernberg.de\/internet\/stadtportal\/\" target=\"_blank\" rel=\"noreferrer noopener\"><img decoding=\"async\" width=\"150\" height=\"100\" class=\"wp-image-6406\" style=\"width: 150px;\" src=\"https:\/\/www.nifa-bayern.de\/wp-content\/uploads\/2024\/05\/stadt_nbg.png\" alt=\"\"><\/a><\/td><\/tr><tr><td><a href=\"https:\/\/www.aussenwirtschaft.bayern\/\" target=\"_blank\" rel=\"noreferrer noopener\">Au\u00dfenwirtschaftsportal Bayern<\/a><\/td><td class=\"has-text-align-right\" data-align=\"right\"><\/td><\/tr><tr><td><a href=\"https:\/\/mensch-und-eine-welt.stadtkirche-nuernberg.de\/fenster-zur-welt---weltladen-der-katholischen-stadtkirche\/\" target=\"_blank\" rel=\"noreferrer noopener\">Fenster zur Welt<\/a><\/td><td class=\"has-text-align-right\" data-align=\"right\"><\/td><\/tr><tr><td><\/td><td class=\"has-text-align-right\" data-align=\"right\"><\/td><\/tr><tr><td><\/td><td class=\"has-text-align-right\" data-align=\"right\"><\/td><\/tr><tr><td><\/td><td class=\"has-text-align-right\" data-align=\"right\"><\/td><\/tr><\/tbody><\/table><\/figure>\n\n\n\n<p><\/p>\n","protected":false},"excerpt":{"rendered":"<p>Hier geht es zu unseren Netzwekspartnern Links zu unseren Veranstaltungen auf YouTube Regionale Links Globales Lernen Integrationsrat der Stadt N\u00fcrnberg Metropolregion-N\u00fcrnberg Stadt F\u00fcrth Stadt N\u00fcrnberg Au\u00dfenwirtschaftsportal Bayern Fenster zur Welt<\/p>\n","protected":false},"author":2,"featured_media":0,"parent":0,"menu_order":0,"comment_status":"closed","ping_status":"closed","template":"","meta":{"ngg_post_thumbnail":0,"_price":"","_stock":"","_tribe_ticket_header":"","_tribe_default_ticket_provider":"","_tribe_ticket_capacity":"0","_ticket_start_date":"","_ticket_end_date":"","_tribe_ticket_show_description":"","_tribe_ticket_show_not_going":false,"_tribe_ticket_use_global_stock":"","_tribe_ticket_global_stock_level":"","_global_stock_mode":"","_global_stock_cap":"","_tribe_rsvp_for_event":"","_tribe_ticket_going_count":"","_tribe_ticket_not_going_count":"","_tribe_tickets_list":"[]","_tribe_ticket_has_attendee_info_fields":false,"_EventAllDay":false,"_EventTimezone":"","_EventStartDate":"","_EventEndDate":"","_EventStartDateUTC":"","_EventEndDateUTC":"","_EventShowMap":false,"_EventShowMapLink":false,"_EventURL":"","_EventCost":"","_EventCostDescription":"","_EventCurrencySymbol":"","_EventCurrencyCode":"","_EventCurrencyPosition":"","_EventDateTimeSeparator":"","_EventTimeRangeSeparator":"","_EventOrganizerID":[],"_EventVenueID":[],"_OrganizerEmail":"","_OrganizerPhone":"","_OrganizerWebsite":"","_VenueAddress":"","_VenueCity":"","_VenueCountry":"","_VenueProvince":"","_VenueState":"","_VenueZip":"","_VenuePhone":"","_VenueURL":"","_VenueStateProvince":"","_VenueLat":"","_VenueLng":"","_VenueShowMap":false,"_VenueShowMapLink":false,"footnotes":"","_tec_slr_enabled":"","_tec_slr_layout":""},"class_list":["post-5609","page","type-page","status-publish","hentry"],"yoast_head":"<!-- This site is optimized with the Yoast SEO plugin v27.4 - https:\/\/yoast.com\/product\/yoast-seo-wordpress\/ -->\n<title>Links - N\u00fcrnberger Initiative F\u00fcr Afrika e.V.<\/title>\n<meta name=\"robots\" content=\"index, follow, max-snippet:-1, max-image-preview:large, max-video-preview:-1\" \/>\n<link rel=\"canonical\" href=\"https:\/\/www.nifa-bayern.de\/?page_id=5609\" \/>\n<meta property=\"og:locale\" content=\"de_DE\" \/>\n<meta property=\"og:type\" content=\"article\" \/>\n<meta property=\"og:title\" content=\"Links - N\u00fcrnberger Initiative F\u00fcr Afrika e.V.\" \/>\n<meta property=\"og:description\" content=\"Hier geht es zu unseren Netzwekspartnern Links zu unseren Veranstaltungen auf YouTube Regionale Links Globales Lernen Integrationsrat der Stadt N\u00fcrnberg Metropolregion-N\u00fcrnberg Stadt F\u00fcrth Stadt N\u00fcrnberg Au\u00dfenwirtschaftsportal Bayern Fenster zur Welt\" \/>\n<meta property=\"og:url\" content=\"https:\/\/www.nifa-bayern.de\/?page_id=5609\" \/>\n<meta property=\"og:site_name\" content=\"N\u00fcrnberger Initiative F\u00fcr Afrika e.V.\" \/>\n<meta property=\"article:publisher\" content=\"https:\/\/www.facebook.com\/NIfABayern\" \/>\n<meta property=\"article:modified_time\" content=\"2024-05-19T14:40:39+00:00\" \/>\n<meta property=\"og:image\" content=\"https:\/\/www.nifa-bayern.de\/wp-content\/uploads\/2024\/05\/globales_lernen.svg\" \/>\n<meta name=\"twitter:card\" content=\"summary_large_image\" \/>\n<script type=\"application\/ld+json\" class=\"yoast-schema-graph\">{\"@context\":\"https:\\\/\\\/schema.org\",\"@graph\":[{\"@type\":\"WebPage\",\"@id\":\"https:\\\/\\\/www.nifa-bayern.de\\\/?page_id=5609\",\"url\":\"https:\\\/\\\/www.nifa-bayern.de\\\/?page_id=5609\",\"name\":\"Links - N\u00fcrnberger Initiative F\u00fcr Afrika e.V.\",\"isPartOf\":{\"@id\":\"https:\\\/\\\/www.nifa-bayern.de\\\/#website\"},\"primaryImageOfPage\":{\"@id\":\"https:\\\/\\\/www.nifa-bayern.de\\\/?page_id=5609#primaryimage\"},\"image\":{\"@id\":\"https:\\\/\\\/www.nifa-bayern.de\\\/?page_id=5609#primaryimage\"},\"thumbnailUrl\":\"https:\\\/\\\/www.nifa-bayern.de\\\/wp-content\\\/uploads\\\/2024\\\/05\\\/globales_lernen.svg\",\"datePublished\":\"2024-04-18T19:54:20+00:00\",\"dateModified\":\"2024-05-19T14:40:39+00:00\",\"breadcrumb\":{\"@id\":\"https:\\\/\\\/www.nifa-bayern.de\\\/?page_id=5609#breadcrumb\"},\"inLanguage\":\"de\",\"potentialAction\":[{\"@type\":\"ReadAction\",\"target\":[\"https:\\\/\\\/www.nifa-bayern.de\\\/?page_id=5609\"]}]},{\"@type\":\"ImageObject\",\"inLanguage\":\"de\",\"@id\":\"https:\\\/\\\/www.nifa-bayern.de\\\/?page_id=5609#primaryimage\",\"url\":\"https:\\\/\\\/www.nifa-bayern.de\\\/wp-content\\\/uploads\\\/2024\\\/05\\\/globales_lernen.svg\",\"contentUrl\":\"https:\\\/\\\/www.nifa-bayern.de\\\/wp-content\\\/uploads\\\/2024\\\/05\\\/globales_lernen.svg\",\"width\":137,\"height\":84},{\"@type\":\"BreadcrumbList\",\"@id\":\"https:\\\/\\\/www.nifa-bayern.de\\\/?page_id=5609#breadcrumb\",\"itemListElement\":[{\"@type\":\"ListItem\",\"position\":1,\"name\":\"Startseite\",\"item\":\"https:\\\/\\\/www.nifa-bayern.de\\\/\"},{\"@type\":\"ListItem\",\"position\":2,\"name\":\"Links\"}]},{\"@type\":\"WebSite\",\"@id\":\"https:\\\/\\\/www.nifa-bayern.de\\\/#website\",\"url\":\"https:\\\/\\\/www.nifa-bayern.de\\\/\",\"name\":\"N\u00fcrnberger Initiative F\u00fcr Afrika\",\"description\":\"\",\"publisher\":{\"@id\":\"https:\\\/\\\/www.nifa-bayern.de\\\/#organization\"},\"potentialAction\":[{\"@type\":\"SearchAction\",\"target\":{\"@type\":\"EntryPoint\",\"urlTemplate\":\"https:\\\/\\\/www.nifa-bayern.de\\\/?s={search_term_string}\"},\"query-input\":{\"@type\":\"PropertyValueSpecification\",\"valueRequired\":true,\"valueName\":\"search_term_string\"}}],\"inLanguage\":\"de\"},{\"@type\":\"Organization\",\"@id\":\"https:\\\/\\\/www.nifa-bayern.de\\\/#organization\",\"name\":\"N\u00fcrnberger Initiative F\u00fcr Afrika\",\"url\":\"https:\\\/\\\/www.nifa-bayern.de\\\/\",\"logo\":{\"@type\":\"ImageObject\",\"inLanguage\":\"de\",\"@id\":\"https:\\\/\\\/www.nifa-bayern.de\\\/#\\\/schema\\\/logo\\\/image\\\/\",\"url\":\"https:\\\/\\\/www.nifa-bayern.de\\\/wp-content\\\/uploads\\\/2020\\\/07\\\/NIFA_Logo_small.png\",\"contentUrl\":\"https:\\\/\\\/www.nifa-bayern.de\\\/wp-content\\\/uploads\\\/2020\\\/07\\\/NIFA_Logo_small.png\",\"width\":570,\"height\":231,\"caption\":\"N\u00fcrnberger Initiative F\u00fcr Afrika\"},\"image\":{\"@id\":\"https:\\\/\\\/www.nifa-bayern.de\\\/#\\\/schema\\\/logo\\\/image\\\/\"},\"sameAs\":[\"https:\\\/\\\/www.facebook.com\\\/NIfABayern\"]}]}<\/script>\n<!-- \/ Yoast SEO plugin. -->","yoast_head_json":{"title":"Links - N\u00fcrnberger Initiative F\u00fcr Afrika e.V.","robots":{"index":"index","follow":"follow","max-snippet":"max-snippet:-1","max-image-preview":"max-image-preview:large","max-video-preview":"max-video-preview:-1"},"canonical":"https:\/\/www.nifa-bayern.de\/?page_id=5609","og_locale":"de_DE","og_type":"article","og_title":"Links - N\u00fcrnberger Initiative F\u00fcr Afrika e.V.","og_description":"Hier geht es zu unseren Netzwekspartnern Links zu unseren Veranstaltungen auf YouTube Regionale Links Globales Lernen Integrationsrat der Stadt N\u00fcrnberg Metropolregion-N\u00fcrnberg Stadt F\u00fcrth Stadt N\u00fcrnberg Au\u00dfenwirtschaftsportal Bayern Fenster zur Welt","og_url":"https:\/\/www.nifa-bayern.de\/?page_id=5609","og_site_name":"N\u00fcrnberger Initiative F\u00fcr Afrika e.V.","article_publisher":"https:\/\/www.facebook.com\/NIfABayern","article_modified_time":"2024-05-19T14:40:39+00:00","og_image":[{"url":"https:\/\/www.nifa-bayern.de\/wp-content\/uploads\/2024\/05\/globales_lernen.svg","type":"","width":"","height":""}],"twitter_card":"summary_large_image","schema":{"@context":"https:\/\/schema.org","@graph":[{"@type":"WebPage","@id":"https:\/\/www.nifa-bayern.de\/?page_id=5609","url":"https:\/\/www.nifa-bayern.de\/?page_id=5609","name":"Links - N\u00fcrnberger Initiative F\u00fcr Afrika e.V.","isPartOf":{"@id":"https:\/\/www.nifa-bayern.de\/#website"},"primaryImageOfPage":{"@id":"https:\/\/www.nifa-bayern.de\/?page_id=5609#primaryimage"},"image":{"@id":"https:\/\/www.nifa-bayern.de\/?page_id=5609#primaryimage"},"thumbnailUrl":"https:\/\/www.nifa-bayern.de\/wp-content\/uploads\/2024\/05\/globales_lernen.svg","datePublished":"2024-04-18T19:54:20+00:00","dateModified":"2024-05-19T14:40:39+00:00","breadcrumb":{"@id":"https:\/\/www.nifa-bayern.de\/?page_id=5609#breadcrumb"},"inLanguage":"de","potentialAction":[{"@type":"ReadAction","target":["https:\/\/www.nifa-bayern.de\/?page_id=5609"]}]},{"@type":"ImageObject","inLanguage":"de","@id":"https:\/\/www.nifa-bayern.de\/?page_id=5609#primaryimage","url":"https:\/\/www.nifa-bayern.de\/wp-content\/uploads\/2024\/05\/globales_lernen.svg","contentUrl":"https:\/\/www.nifa-bayern.de\/wp-content\/uploads\/2024\/05\/globales_lernen.svg","width":137,"height":84},{"@type":"BreadcrumbList","@id":"https:\/\/www.nifa-bayern.de\/?page_id=5609#breadcrumb","itemListElement":[{"@type":"ListItem","position":1,"name":"Startseite","item":"https:\/\/www.nifa-bayern.de\/"},{"@type":"ListItem","position":2,"name":"Links"}]},{"@type":"WebSite","@id":"https:\/\/www.nifa-bayern.de\/#website","url":"https:\/\/www.nifa-bayern.de\/","name":"N\u00fcrnberger Initiative F\u00fcr Afrika","description":"","publisher":{"@id":"https:\/\/www.nifa-bayern.de\/#organization"},"potentialAction":[{"@type":"SearchAction","target":{"@type":"EntryPoint","urlTemplate":"https:\/\/www.nifa-bayern.de\/?s={search_term_string}"},"query-input":{"@type":"PropertyValueSpecification","valueRequired":true,"valueName":"search_term_string"}}],"inLanguage":"de"},{"@type":"Organization","@id":"https:\/\/www.nifa-bayern.de\/#organization","name":"N\u00fcrnberger Initiative F\u00fcr Afrika","url":"https:\/\/www.nifa-bayern.de\/","logo":{"@type":"ImageObject","inLanguage":"de","@id":"https:\/\/www.nifa-bayern.de\/#\/schema\/logo\/image\/","url":"https:\/\/www.nifa-bayern.de\/wp-content\/uploads\/2020\/07\/NIFA_Logo_small.png","contentUrl":"https:\/\/www.nifa-bayern.de\/wp-content\/uploads\/2020\/07\/NIFA_Logo_small.png","width":570,"height":231,"caption":"N\u00fcrnberger Initiative F\u00fcr Afrika"},"image":{"@id":"https:\/\/www.nifa-bayern.de\/#\/schema\/logo\/image\/"},"sameAs":["https:\/\/www.facebook.com\/NIfABayern"]}]}},"ticketed":false,"_links":{"self":[{"href":"https:\/\/www.nifa-bayern.de\/index.php?rest_route=\/wp\/v2\/pages\/5609","targetHints":{"allow":["GET"]}}],"collection":[{"href":"https:\/\/www.nifa-bayern.de\/index.php?rest_route=\/wp\/v2\/pages"}],"about":[{"href":"https:\/\/www.nifa-bayern.de\/index.php?rest_route=\/wp\/v2\/types\/page"}],"author":[{"embeddable":true,"href":"https:\/\/www.nifa-bayern.de\/index.php?rest_route=\/wp\/v2\/users\/2"}],"replies":[{"embeddable":true,"href":"https:\/\/www.nifa-bayern.de\/index.php?rest_route=%2Fwp%2Fv2%2Fcomments&post=5609"}],"version-history":[{"count":10,"href":"https:\/\/www.nifa-bayern.de\/index.php?rest_route=\/wp\/v2\/pages\/5609\/revisions"}],"predecessor-version":[{"id":6459,"href":"https:\/\/www.nifa-bayern.de\/index.php?rest_route=\/wp\/v2\/pages\/5609\/revisions\/6459"}],"wp:attachment":[{"href":"https:\/\/www.nifa-bayern.de\/index.php?rest_route=%2Fwp%2Fv2%2Fmedia&parent=5609"}],"curies":[{"name":"wp","href":"https:\/\/api.w.org\/{rel}","templated":true}]}}